{"id":53,"date":"2023-01-24T08:57:03","date_gmt":"2023-01-24T08:57:03","guid":{"rendered":"https:\/\/forty.dk\/?page_id=53"},"modified":"2023-01-24T14:45:34","modified_gmt":"2023-01-24T14:45:34","slug":"fortys-stiftelse","status":"publish","type":"page","link":"http:\/\/forty.dk\/?page_id=53","title":{"rendered":"FORTY&#8217;s stiftelse"},"content":{"rendered":"\n<p><strong>Stiftende generalforsamling 1963<\/strong><strong><br><\/strong><br>Dansk XL Cricket Club (ogs\u00e5 kaldet Forty) blev stiftet s\u00f8ndag den 8. september 1963 p\u00e5 Hotel Skanderborghus, 8660 Skanderborg.<\/p>\n\n\n\n<p>Axel Morild, Hj\u00f8rring CC b\u00f8d velkommen og takkede de tilstedev\u00e6rende for fremm\u00f8det til dannelse af en ny cricketklub i Danmark.<br>Evald M\u00f8ller, Skanderborg CC udtalte, at en s\u00e5dan klub skulle st\u00f8tte cricketsporten, dels propagandam\u00e6ssigt ved at arrangere kampe med klubber i byer, hvor propaganda var n\u00f8dvendigt, dels ved at arrangere kampe mod juniorhold.<br>Klubbens f\u00f8rste og st\u00f8rste opgave var at fremme spillet i ungdomsafdelingerne landet over.<\/p>\n\n\n\n<p>Axel Morild valgtes til formand, men han kr\u00e6vede, at det skulle hedde pr\u00e6sident og ikke formand, for s\u00e5dan hed det hos forbilledet i England: \u201cThe Forty Club\u201d.<\/p>\n\n\n\n<p>Foreningens f\u00f8rste bestyrelse blev<\/p>\n\n\n\n<p><strong>Axel Morild (pr\u00e6sident)<\/strong><strong><br>Evald M\u00f8ller (vicepr\u00e6sident)<br>Carl Mikkelsen (kasserer)<br>Knud Nielsen (sekret\u00e6r)<br>Kristian Morild (menigt medlem)<br><\/strong><br>Man besluttede, at bestyrelsen i l\u00f8bet af et \u00e5r skulle supplere sig med 1 bestyrelsesmedlem fra K\u00f8benhavn. K\u00f8benhavn\/ Sj\u00e6lland var ikke deltagende p\u00e5 dette tidspunkt.<br>Kontingentet blev fastsat til 25 kr.\/\u00e5r, og generalforsamlingen i 1964 skulle holdes i \u00c5rhus.<\/p>\n\n\n\n<p>F\u00f8r afviklingen af den stiftende generalforsamling blev der spillet en indledende cricketkamp p\u00e5 Skanderborg Cricket Clubs baner ved Vestergade. Der blev spillet Nordjylland mod Sydjylland\/Fyn.<\/p>\n\n\n\n<p>Nordholdets anf\u00f8rer Henry Nielsen, Hj\u00f8rring valgte at g\u00e5 f\u00f8rst til g\u00e6rdet og scorede i alt 175 point med Axel Morild som topscorer med 43 point.<\/p>\n\n\n\n<p>Sydholdet havde tilsyneladende styr p\u00e5 scoringen og n\u00e5ede for 9 fald op p\u00e5 175 point, hvorefter de lukkede. Leo Clasen \u2013 som vel m\u00e5 betegnes som \u201cMan of the match\u201d scorede 88 point og kunne sikkert med lidt held have presset en enkelt ener mere ind i regnskabet. Men alts\u00e5 en uafgjort kamp mellem Nord og Syd.<\/p>\n\n\n\n<p>Grundlaget for stiftelsen af \u201cForty\u201d blev lagt i efter\u00e5ret 1962. Da havde Fem af datidens betydningsfulde danske cricketspillere sat hinanden st\u00e6vne p\u00e5 en ydmyg restaurant i \u00c5lborg.<br>Det drejede sig om Evald M\u00f8ller, Carl Mikkelsen (Silkeborg), Sigurd Urskov (Hj\u00f8rring), Axel og Kristian Morild (Hj\u00f8rring).<br>Axel Morild havde h\u00f8rt, at engl\u00e6nderen Henry Grierson i 1936 havde stiftet den engelske cricket-forty-club \u201cThe Forty Club\u201d for spillere over 40 \u00e5r. En klub der havde det form\u00e5l, at viderebringe spillets stolte og smukke traditioner til nye generationer.<br>\u201cS\u00e5dan en m\u00e5 vi ogs\u00e5 ha\u201d, t\u00e6nkte Axel og tog kontakt til Evald M\u00f8ller. Og s\u00e5dan blev det.<\/p>\n\n\n\n<p><em>(Sammendrag ved Kjeld Lyngs\u00f8 af&nbsp; bl.a. J\u00f8rgen Morilds skrifter til bogen \u201cOld Boys Cricket i Danmark\u201d)<\/em><\/p>\n\n\n\n<p>I 1963 skrev Axel Morild en artikel om starten p\u00e5 dansk Forty XL. Den kan du l\u00e6se\u00a0<strong><a href=\"https:\/\/forty.dk\/?p=177\" data-type=\"post\" data-id=\"177\">HER<\/a><\/strong><\/p>\n","protected":false},"excerpt":{"rendered":"<p>Stiftende generalforsamling 1963Dansk XL Cricket Club (ogs\u00e5 kaldet Forty) blev stiftet s\u00f8ndag den 8. september 1963 p\u00e5 Hotel Skanderborghus, 8660 Skanderborg. Axel Morild, Hj\u00f8rring CC b\u00f8d velkommen og takkede de tilstedev\u00e6rende for fremm\u00f8det til dannelse af en ny cricketklub i <a href=\"http:\/\/forty.dk\/?page_id=53\" class=\"read-more\">L\u00c6S MERE &#8230;<\/a><\/p>\n","protected":false},"author":1,"featured_media":0,"parent":0,"menu_order":0,"comment_status":"closed","ping_status":"closed","template":"","meta":{"footnotes":""},"class_list":["post-53","page","type-page","status-publish","hentry"],"_links":{"self":[{"href":"http:\/\/forty.dk\/index.php?rest_route=\/wp\/v2\/pages\/53","targetHints":{"allow":["GET"]}}],"collection":[{"href":"http:\/\/forty.dk\/index.php?rest_route=\/wp\/v2\/pages"}],"about":[{"href":"http:\/\/forty.dk\/index.php?rest_route=\/wp\/v2\/types\/page"}],"author":[{"embeddable":true,"href":"http:\/\/forty.dk\/index.php?rest_route=\/wp\/v2\/users\/1"}],"replies":[{"embeddable":true,"href":"http:\/\/forty.dk\/index.php?rest_route=%2Fwp%2Fv2%2Fcomments&post=53"}],"version-history":[{"count":5,"href":"http:\/\/forty.dk\/index.php?rest_route=\/wp\/v2\/pages\/53\/revisions"}],"predecessor-version":[{"id":181,"href":"http:\/\/forty.dk\/index.php?rest_route=\/wp\/v2\/pages\/53\/revisions\/181"}],"wp:attachment":[{"href":"http:\/\/forty.dk\/index.php?rest_route=%2Fwp%2Fv2%2Fmedia&parent=53"}],"curies":[{"name":"wp","href":"https:\/\/api.w.org\/{rel}","templated":true}]}}