{"id":1139,"date":"2023-09-22T08:18:39","date_gmt":"2023-09-22T08:18:39","guid":{"rendered":"https:\/\/forty.dk\/?page_id=1139"},"modified":"2023-09-22T08:19:10","modified_gmt":"2023-09-22T08:19:10","slug":"fredberg-mortensen-2020","status":"publish","type":"page","link":"https:\/\/forty.dk\/?page_id=1139","title":{"rendered":"Fredberg-Mortensen 2020"},"content":{"rendered":"\n<p><\/p>\n\n\n\n<h3 class=\"wp-block-heading\">Regnen kunne ikke \u00f8del\u00e6gge spillegl\u00e6den hos<\/h3>\n\n\n\n<h3 class=\"wp-block-heading\">Legenderne og All Stars 2020<\/h3>\n\n\n\n\n\n<p><a href=\"http:\/\/dansk-xl.forty.dk\/fredberg-mortensen-2020\/\"><\/a><\/p>\n\n\n\n<p>Af Peter Fredberg<\/p>\n\n\n\n<p>Der skal mere end regn til at \u00f8del\u00e6gge spillegl\u00e6den for Mortensen Legends og Fredberg All Stars.<\/p>\n\n\n\n<p>Okay, engang i Solvangsparken blev det godt nok for v\u00e5dt. Dengang blev kampen afbl\u00e6st, inden f\u00f8rste bold var kastet, og spillerne gik direkte til grillp\u00f8lserne. Men det er historie.<\/p>\n\n\n\n<p>28. august p\u00e5 AB n\u00f8jedes man med en kort pause efter 18 overs med legenderne ved g\u00e6rdet. S\u00e5 var man hurtigt tilbage p\u00e5 gr\u00e6sset, og kampen blev gennemf\u00f8rt trods silende regn en stor del af tiden. Dog reduceret fra 25 til 20 overs.<\/p>\n\n\n\n<p>Det var 18. gang, testmatchen blev afviklet, og Mortensen Legends \u00f8gede f\u00f8ringen i klassementet. Legenderne scorede 110 point for syv med Forty-pr\u00e6sidenten Ole Helmersen som topscorer med 24 point. Ole Stan Mortensen lavede 21 og Keith Hayward 16 not out. Tre All Stars-kastere tog to g\u00e6rder. Steve Rutland for 16, Samath Ohl\u00e9n for 18 og Alan Matthews for 20 point.<\/p>\n\n\n\n<p>Fredberg All Stars svarede igen med 77 point for seks. Alan Matthews scorede 17, Joyson Lobo 16 og Steve Rutland 14. Eric Folker var bedste kaster med tre for 29.<\/p>\n\n\n\n<p>Denne ydmyge signatur, der har v\u00e6ret med alle 18 gange, de seneste dog uden for banen, t\u00f8r godt kalde matchen den bedste, der endnu er spillet. Niveauet var forbl\u00f8ffende h\u00f8jt trods vanskelige forhold og en d\u00e5rlig og uberegnelig pitch. Tre fornemme greb satte prikken over i\u2019et.<\/p>\n\n\n\n<p>Ved det fortrinlige traktement i ABs klubhus, den ber\u00f8mte tredje halvleg, var det traditionsrige highlight som altid overr\u00e6kkelsen af PR-battet.<\/p>\n\n\n\n<p>Komit\u00e9en havde valgt en spiller, som i sidste \u00f8jeblik m\u00e5tte melde fra, men det skulle ikke komme ham til skade. Stor hyldest til giganten Wayne Ackerman, som siges at have sl\u00e5et den l\u00e6ngste sekser i dansk cricket.<\/p>\n\n\n\n<p>Wayne Ackerman er f\u00f8dt i Sydafrika. Flyttede med sine for\u00e6ldre til Namibia og kom til Danmark i 1998. En klassespiller, som spillede p\u00e5 Namibias landshold og i begyndelsen af 90\u2019erne m\u00f8dte Ole Stan Mortensen og Danmark i VM-kvalifikationskampe i Kenya og Malaysia.<\/p>\n\n\n\n<p>\u201dJeg ville gerne have spillet i dag, men n\u00e5r det nu ikke kan lade sig g\u00f8re, er det en tr\u00f8st at f\u00e5 PR-battet. Jeg er stolt. Det er en stor \u00e6re at modtage battet,\u201d siger Wayne Ackerman.<\/p>\n\n\n\n<p>Sidste \u00e5rs modtager af PR-battet, Eric Folker, formand for Malm\u00f6hus CC, som t\u00e6ller fem hold og er den st\u00f8rste af Malm\u00f8s otte cricketklubber, overrakte en bordflagstang med det r\u00f8d\/gule sk\u00e5nske flag til AB\u2019s Niels Torp for det store arbejde, han havde lavet omkring \u00e5rets match.<\/p>\n\n\n\n<p>Den sk\u00e5nske klub var repr\u00e6senteret med fire spillere fra lige s\u00e5 mange nationer, Australien, England, Sri Lanka og Sverige. I hele klubben er der spillere fra 12 lande.<\/p>\n\n\n\n<p>Spillerne fra Mortensen Legends og Fredberg All Stars mindedes Mr. Cricket, afd\u00f8de J\u00f8rgen J\u00f8nsson. En person med en gl\u00f8dende passion for cricketsporten, og hvis betydning for den sport, der definerede hans liv, ikke kan overvurderes.<\/p>\n\n\n\n<ul class=\"wp-block-list\">\n<li><img loading=\"lazy\" decoding=\"async\" width=\"300\" height=\"200\" src=\"\" alt=\"http:\/\/dansk-xl.forty.dk\/wp-content\/uploads\/2020\/08\/2020-Wayne-300x200.jpg\"><\/li>\n<\/ul>\n","protected":false},"excerpt":{"rendered":"<p>Regnen kunne ikke \u00f8del\u00e6gge spillegl\u00e6den hos Legenderne og All Stars 2020 Af Peter Fredberg Der skal mere end regn til at \u00f8del\u00e6gge spillegl\u00e6den for Mortensen Legends og Fredberg All Stars. Okay, engang i Solvangsparken blev det godt nok for v\u00e5dt. <a href=\"https:\/\/forty.dk\/?page_id=1139\" class=\"read-more\">L\u00c6S MERE &#8230;<\/a><\/p>\n","protected":false},"author":1,"featured_media":0,"parent":0,"menu_order":0,"comment_status":"closed","ping_status":"closed","template":"","meta":{"footnotes":""},"class_list":["post-1139","page","type-page","status-publish","hentry"],"_links":{"self":[{"href":"https:\/\/forty.dk\/index.php?rest_route=\/wp\/v2\/pages\/1139","targetHints":{"allow":["GET"]}}],"collection":[{"href":"https:\/\/forty.dk\/index.php?rest_route=\/wp\/v2\/pages"}],"about":[{"href":"https:\/\/forty.dk\/index.php?rest_route=\/wp\/v2\/types\/page"}],"author":[{"embeddable":true,"href":"https:\/\/forty.dk\/index.php?rest_route=\/wp\/v2\/users\/1"}],"replies":[{"embeddable":true,"href":"https:\/\/forty.dk\/index.php?rest_route=%2Fwp%2Fv2%2Fcomments&post=1139"}],"version-history":[{"count":2,"href":"https:\/\/forty.dk\/index.php?rest_route=\/wp\/v2\/pages\/1139\/revisions"}],"predecessor-version":[{"id":1141,"href":"https:\/\/forty.dk\/index.php?rest_route=\/wp\/v2\/pages\/1139\/revisions\/1141"}],"wp:attachment":[{"href":"https:\/\/forty.dk\/index.php?rest_route=%2Fwp%2Fv2%2Fmedia&parent=1139"}],"curies":[{"name":"wp","href":"https:\/\/api.w.org\/{rel}","templated":true}]}}