{"id":1509,"date":"2025-02-08T15:56:50","date_gmt":"2025-02-08T15:56:50","guid":{"rendered":"https:\/\/forty.dk\/?page_id=1509"},"modified":"2025-02-18T12:01:05","modified_gmt":"2025-02-18T12:01:05","slug":"hall-of-fame","status":"publish","type":"page","link":"https:\/\/forty.dk\/?page_id=1509","title":{"rendered":"Hall of Fame"},"content":{"rendered":"<div class=\"wp-block-image\">\n<figure class=\"aligncenter size-full\"><img loading=\"lazy\" decoding=\"async\" width=\"490\" height=\"175\" src=\"http:\/\/forty.dk\/wp-content\/uploads\/2025\/02\/Hallorfame1-2.jpg\" alt=\"\" class=\"wp-image-1561\" srcset=\"https:\/\/forty.dk\/wp-content\/uploads\/2025\/02\/Hallorfame1-2.jpg 490w, https:\/\/forty.dk\/wp-content\/uploads\/2025\/02\/Hallorfame1-2-300x107.jpg 300w, https:\/\/forty.dk\/wp-content\/uploads\/2025\/02\/Hallorfame1-2-360x129.jpg 360w\" sizes=\"auto, (max-width: 490px) 100vw, 490px\" \/><\/figure>\n<\/div>\n\n\n<p class=\"has-text-align-center\">ogs\u00e5 kaldet<\/p>\n\n\n\n<h1 class=\"wp-block-heading has-text-align-center\">FORTY-FAME<\/h1>\n\n\n\n<div style=\"height:60px\" aria-hidden=\"true\" class=\"wp-block-spacer\"><\/div>\n\n\n\n<p><\/p>\n\n\n\n<div class=\"wp-block-media-text is-stacked-on-mobile\" style=\"grid-template-columns:25% auto\"><figure class=\"wp-block-media-text__media\"><img loading=\"lazy\" decoding=\"async\" width=\"235\" height=\"298\" src=\"http:\/\/forty.dk\/wp-content\/uploads\/2025\/02\/Axel-Morild-1.jpg\" alt=\"\" class=\"wp-image-1581 size-medium\" srcset=\"https:\/\/forty.dk\/wp-content\/uploads\/2025\/02\/Axel-Morild-1.jpg 235w, https:\/\/forty.dk\/wp-content\/uploads\/2025\/02\/Axel-Morild-1-213x270.jpg 213w\" sizes=\"auto, (max-width: 235px) 100vw, 235px\" \/><\/figure><div class=\"wp-block-media-text__content\">\n<p><strong>Axel Morild<\/strong>, Hj\u00f8rring Cricket Club var pr\u00e6sident fra Fortys start den 9. september 1963 til\u00a022. juli 1988.<\/p>\n\n\n\n<p>Axel var initiativtager og medstifter af Forty og spillede alle \u00e5rene for Hj\u00f8rring CC.<\/p>\n\n\n\n<p>Om Axels energi og foretagsomhed siges det, at under en turnering i Holland serverede SGS maden p\u00e5 meget forskellige og sjove, \u00e6ldre tallerkener i primitive lokaliteter, hvor stolene var \u00f8lkasser. En dansk dame gav udtryk for, at hun gerne ville have en af de tallerkener med hjem. Axel organiserede hurtig i dulgthed, at 5-6 tallerkner blev vasket og puttet i Ole Cs crickettaske.<\/p>\n<\/div><\/div>\n\n\n\n<div style=\"height:20px\" aria-hidden=\"true\" class=\"wp-block-spacer\"><\/div>\n\n\n\n<div class=\"wp-block-media-text is-stacked-on-mobile\" style=\"grid-template-columns:25% auto\"><figure class=\"wp-block-media-text__media\"><img loading=\"lazy\" decoding=\"async\" width=\"196\" height=\"288\" src=\"http:\/\/forty.dk\/wp-content\/uploads\/2025\/02\/joergen_mo.jpg\" alt=\"\" class=\"wp-image-1550 size-full\" srcset=\"https:\/\/forty.dk\/wp-content\/uploads\/2025\/02\/joergen_mo.jpg 196w, https:\/\/forty.dk\/wp-content\/uploads\/2025\/02\/joergen_mo-184x270.jpg 184w\" sizes=\"auto, (max-width: 196px) 100vw, 196px\" \/><\/figure><div class=\"wp-block-media-text__content\">\n<p><strong>J\u00f8rgen Morild<\/strong>, \u00c5rhus Cricket Klub og tidligere Hj\u00f8rring CC var pr\u00e6sident  fra fra 22. juli 1988 til&nbsp;1998.<\/p>\n\n\n\n<p>I For\u00e5ret 2009 blev J\u00f8rgen udn\u00e6vnt til Fortys f\u00f8rste <strong>\u00c6respr\u00e6sident<\/strong> i en alder af 85 \u00e5r.<\/p>\n<\/div><\/div>\n\n\n\n<div style=\"height:19px\" aria-hidden=\"true\" class=\"wp-block-spacer\"><\/div>\n\n\n\n<div class=\"wp-block-media-text is-stacked-on-mobile\" style=\"grid-template-columns:25% auto\"><figure class=\"wp-block-media-text__media\"><img loading=\"lazy\" decoding=\"async\" width=\"730\" height=\"735\" src=\"https:\/\/forty.dk\/wp-content\/uploads\/2025\/02\/fortylogo1.jpg\" alt=\"\" class=\"wp-image-1517 size-full\" srcset=\"https:\/\/forty.dk\/wp-content\/uploads\/2025\/02\/fortylogo1.jpg 730w, https:\/\/forty.dk\/wp-content\/uploads\/2025\/02\/fortylogo1-298x300.jpg 298w, https:\/\/forty.dk\/wp-content\/uploads\/2025\/02\/fortylogo1-150x150.jpg 150w, https:\/\/forty.dk\/wp-content\/uploads\/2025\/02\/fortylogo1-268x270.jpg 268w\" sizes=\"auto, (max-width: 730px) 100vw, 730px\" \/><\/figure><div class=\"wp-block-media-text__content\">\n<p><strong>Jan Ribel<\/strong>, S\u00f8nderborg og tidligere AB var pr\u00e6sident fra 1998 til ?<\/p>\n\n\n\n<p>Er der nogen, der ligger inde med et billede af Jan, s\u00e5 send det til webmasteren?<\/p>\n<\/div><\/div>\n\n\n\n<div style=\"height:19px\" aria-hidden=\"true\" class=\"wp-block-spacer\"><\/div>\n\n\n\n<div class=\"wp-block-media-text is-stacked-on-mobile\" style=\"grid-template-columns:25% auto\"><figure class=\"wp-block-media-text__media\"><img loading=\"lazy\" decoding=\"async\" width=\"304\" height=\"359\" src=\"https:\/\/forty.dk\/wp-content\/uploads\/2025\/02\/Ole-C-billede1.jpg\" alt=\"\" class=\"wp-image-1559 size-full\" srcset=\"https:\/\/forty.dk\/wp-content\/uploads\/2025\/02\/Ole-C-billede1.jpg 304w, https:\/\/forty.dk\/wp-content\/uploads\/2025\/02\/Ole-C-billede1-254x300.jpg 254w, https:\/\/forty.dk\/wp-content\/uploads\/2025\/02\/Ole-C-billede1-229x270.jpg 229w\" sizes=\"auto, (max-width: 304px) 100vw, 304px\" \/><\/figure><div class=\"wp-block-media-text__content\">\n<p><strong>Ole Christiansen<\/strong>, FREM var pr\u00e6sident fra ??? til17. september 2011.<\/p>\n\n\n\n<p>Ole har v\u00e6ret medlem at FREM i godt 70 \u00e5r og startede f\u00f8rst  cricketkarrieren som 22-\u00e5rig. <\/p>\n\n\n\n<p>Ole Christiansen blev den 17. september 2011 udn\u00e6vnt til <strong>\u00c6respr\u00e6sident<\/strong> med disse afsluttende ord: &#8220;<em>Beviset her er et Unika-eksemplar til en Unika-person.<\/em>&#8220;<\/p>\n<\/div><\/div>\n\n\n\n<div style=\"height:21px\" aria-hidden=\"true\" class=\"wp-block-spacer\"><\/div>\n\n\n\n<div class=\"wp-block-media-text is-stacked-on-mobile\" style=\"grid-template-columns:25% auto\"><figure class=\"wp-block-media-text__media\"><img loading=\"lazy\" decoding=\"async\" width=\"170\" height=\"227\" src=\"http:\/\/forty.dk\/wp-content\/uploads\/2023\/02\/Kurt-Oestergaard.jpg\" alt=\"\" class=\"wp-image-568 size-full\"\/><\/figure><div class=\"wp-block-media-text__content\">\n<p><strong>Kurt \u00d8stergaard<\/strong>, Fredericia Cricket Club var pr\u00e6sident fra 17. september 2011 til 2019. <\/p>\n\n\n\n<p>Kurt har spillet for Fredericia CC hele sit liv.<\/p>\n<\/div><\/div>\n\n\n\n<div style=\"height:20px\" aria-hidden=\"true\" class=\"wp-block-spacer\"><\/div>\n\n\n\n<div class=\"wp-block-media-text is-stacked-on-mobile\" style=\"grid-template-columns:25% auto\"><figure class=\"wp-block-media-text__media\"><img loading=\"lazy\" decoding=\"async\" width=\"108\" height=\"135\" src=\"http:\/\/forty.dk\/wp-content\/uploads\/2023\/02\/ole-helmersen.jpg\" alt=\"\" class=\"wp-image-591 size-full\"\/><\/figure><div class=\"wp-block-media-text__content\">\n<p><strong>Ole Helmersen<\/strong>, Ringsted Cricket Club og tidligere AB har v\u00e6ret pr\u00e6sident fra 2019 til juli 2024.<\/p>\n<\/div><\/div>\n\n\n\n<div style=\"height:100px\" aria-hidden=\"true\" class=\"wp-block-spacer\"><\/div>\n\n\n\n<p>Nomineret til n\u00e6ste plads i HALL OF FAME: <strong>Michal Goeskj\u00e6r<\/strong> &#8211; pr\u00e6sident fra juli 2024 til ?.<\/p>\n\n\n\n<p><\/p>\n","protected":false},"excerpt":{"rendered":"<p>ogs\u00e5 kaldet FORTY-FAME Axel Morild, Hj\u00f8rring Cricket Club var pr\u00e6sident fra Fortys start den 9. september 1963 til\u00a022. juli 1988. Axel var initiativtager og medstifter af Forty og spillede alle \u00e5rene for Hj\u00f8rring CC. Om Axels energi og foretagsomhed siges <a href=\"https:\/\/forty.dk\/?page_id=1509\" class=\"read-more\">L\u00c6S MERE &#8230;<\/a><\/p>\n","protected":false},"author":1,"featured_media":0,"parent":0,"menu_order":0,"comment_status":"closed","ping_status":"closed","template":"","meta":{"footnotes":""},"class_list":["post-1509","page","type-page","status-publish","hentry"],"_links":{"self":[{"href":"https:\/\/forty.dk\/index.php?rest_route=\/wp\/v2\/pages\/1509","targetHints":{"allow":["GET"]}}],"collection":[{"href":"https:\/\/forty.dk\/index.php?rest_route=\/wp\/v2\/pages"}],"about":[{"href":"https:\/\/forty.dk\/index.php?rest_route=\/wp\/v2\/types\/page"}],"author":[{"embeddable":true,"href":"https:\/\/forty.dk\/index.php?rest_route=\/wp\/v2\/users\/1"}],"replies":[{"embeddable":true,"href":"https:\/\/forty.dk\/index.php?rest_route=%2Fwp%2Fv2%2Fcomments&post=1509"}],"version-history":[{"count":29,"href":"https:\/\/forty.dk\/index.php?rest_route=\/wp\/v2\/pages\/1509\/revisions"}],"predecessor-version":[{"id":1585,"href":"https:\/\/forty.dk\/index.php?rest_route=\/wp\/v2\/pages\/1509\/revisions\/1585"}],"wp:attachment":[{"href":"https:\/\/forty.dk\/index.php?rest_route=%2Fwp%2Fv2%2Fmedia&parent=1509"}],"curies":[{"name":"wp","href":"https:\/\/api.w.org\/{rel}","templated":true}]}}