{"id":2119,"date":"2026-04-21T11:26:48","date_gmt":"2026-04-21T11:26:48","guid":{"rendered":"https:\/\/forty.dk\/?page_id=2119"},"modified":"2026-04-21T12:56:07","modified_gmt":"2026-04-21T12:56:07","slug":"nekrolog-johan-luther","status":"publish","type":"page","link":"https:\/\/forty.dk\/?page_id=2119","title":{"rendered":"Nekrolog-Johan Luther"},"content":{"rendered":"\n<figure class=\"wp-block-image size-full is-resized\"><img loading=\"lazy\" decoding=\"async\" width=\"160\" height=\"115\" src=\"https:\/\/forty.dk\/wp-content\/uploads\/2026\/04\/Johan-60-aar-006_edited.jpg\" alt=\"\" class=\"wp-image-2127\" style=\"width:205px;height:auto\" srcset=\"https:\/\/forty.dk\/wp-content\/uploads\/2026\/04\/Johan-60-aar-006_edited.jpg 160w, https:\/\/forty.dk\/wp-content\/uploads\/2026\/04\/Johan-60-aar-006_edited-100x72.jpg 100w\" sizes=\"auto, (max-width: 160px) 100vw, 160px\" \/><\/figure>\n\n\n\n<h4 class=\"wp-block-heading\">Kendt cricketspiller sov stille ind i uge 16 &#8211; 2026.<\/h4>\n\n\n\n<h6 class=\"wp-block-heading\"><em>Af Niels Torp<\/em><\/h6>\n\n\n\n<p>En af dansk crickets absolut bedste spillere og n\u00e6stmest scorende, Johan Luther, sov stille ind i sidste uge p\u00e5 plejehjemmet, Bauneporten, Kongens Lyngby, omgivet af den n\u00e6rmeste familie, blandt andet, b\u00f8rnene Maria og Daniel. Han blev 79 \u00e5r.<\/p>\n\n\n\n<p>Johan Luther var et alsidigt boldtalent, der opvoksede i trygge omgivelser p\u00e5 Hobrovejens Skole i Aalborg, hvor faderen, Johannes, var pedel. Storebroderen Hans Ole Luther, spillede cricket i AaB, men lillebror \u00f8nskede at melde sig ind i naboklubben, Chang, hvor de unge spillere fik en god og alsidig tr\u00e6ning. Det bet\u00f8d, at faderen m\u00e5tte indl\u00f8se medlemskab i b\u00e5de AaB og Chang, da han ikke \u00f8nskede at g\u00f8re forskel p\u00e5 b\u00f8rnene!<\/p>\n\n\n\n<p>Stort talent<\/p>\n\n\n\n<p>Johan var en halv snes \u00e5r, da han blev meldt ind i Chang, der l\u00e5 f\u00e5 hundrede meter fra pedel-lejligheden p\u00e5 Hobrovejens Skole i udkanten af Aalborg. I l\u00f8bet af kort tid beviste den unge Luther sit boldtalent. Han debuterede p\u00e5 klubbens f\u00f8rstehold i landets bedste r\u00e6kke, som blot 15-\u00e5rig og opn\u00e5ede at score n\u00e6stflest point i divisionen denne s\u00e6son. I juniortiden opn\u00e5ede Johan Luther den fornemme \u00e6re, at blive danske mester to \u00e5r i tr\u00e6k i 1962-63, hvor Chang besejrede henholdsvis Svanholm og Sor\u00f8 i finalerne.<\/p>\n\n\n\n<p>Senere blev det til 15 landskampe, hvoraf et af h\u00f8jdepunkterne i DCFs historie var sejren over Holland med 10 st\u00e5ende g\u00e6rde p\u00e5 ABs idylliske bane i Bagsv\u00e6rd i 1972. Johan Luther bidrog til denne sportslige succes, hvor han fik enorm st\u00f8tte af aalborgenseren, Hardy S\u00f8rensen, AaB, der fortjent p\u00e5 k\u00e5ret til kampens spillere, som topscorer!<\/p>\n\n\n\n<p>Mange klubber<\/p>\n\n\n\n<p>Det er ingen hemmelighed, at Johan Luther er den topspiller herhjemme, som har repr\u00e6senteret flest forskellige klubber med st\u00f8rre eller mindre succes. Det var Aalborg Chang, AB, Frem, Svanholm, Glostrup og KB. Flere steder har han v\u00e6ret spillende tr\u00e6ner, og han var blandt andet med til at bryde AaBs dominans i danske cricket med 15 mesterskaber i tr\u00e6k. Nordjyden var nemlig et stort aktiv i Br\u00f8ndbyklubben, Svanholm, der i 1976 form\u00e5ede at vriste mesterskabet fra det ellers suver\u00e6ne mandskab fra AaB, hvilket var med til generelt at \u00e6ndre hele styrkeforholdet i cricketsporten herhjemme!<\/p>\n\n\n\n<p>Johan Luther var en alsidig idr\u00e6tsmand, og var en yderst talentfuld badmintonspiller, der var blandt de allerbedste ungdomsspillere i Jylland. Han repr\u00e6senterede ABC, Aalborg, der holdt til i Tennishallen p\u00e5 Annebergvej, Aalborg. Ogs\u00e5 p\u00e5 h\u00e5ndboldbanen h\u00f8stede Luther stor sportslig succes, og spillede p\u00e5 IK 1919 bedste hold i 2.division. Med et helt eminent overblik var han i s\u00e6rklasse til at finde medspillerne i fri position p\u00e5 stregen.<\/p>\n\n\n\n<p>Knap 15.000 point<\/p>\n\n\n\n<p>Det blev til i alt 14.910 point \u2013 som han scorede ved g\u00e6rdet \u2013 i karrieren over en snes \u00e5r. Det er n\u00e6stflest af en dansk spiller, og det er siden \u201dkun\u201d overg\u00e5et af Aftab Ahmed.<\/p>\n\n\n\n<p>Efter et fornem aktiv tilv\u00e6relse p\u00e5 cricketbanen hos de forskellige klubber, s\u00e5 kastede Johan Luther, sig over dommergerningen. Han blev blandt de bedste, og opn\u00e5ede ogs\u00e5 internationalt anerkendelse, da han d\u00f8mte i fire EM og tre VM cricket-turneringer i udlandet i den n\u00e6stbedste r\u00e6kke. Han var lige p\u00e5 nippet til at blive godkendt dommer i spillets moderland, England, men desv\u00e6rre faldt han p\u00e5, at han ikke havde spillet p\u00e5 et h\u00f8jt niveau rent internationalt.<\/p>\n\n\n\n<p>Sidste farvel<\/p>\n\n\n\n<p><strong><em>Johan Luther bliver mindet ved en h\u00f8jtidelighed p\u00e5 fredag den 24. april 2026 kl.13.00 p\u00e5 Parkkirkeg\u00e5rdens kapel i Kongens Lyngby (Gynthe Lenchesvej 9), hvor de mange med- og modspillere gennem \u00e5rene er yderst velkommen til et sidste farvel.<\/em><\/strong><\/p>\n\n\n\n<p><\/p>\n","protected":false},"excerpt":{"rendered":"<p>Kendt cricketspiller sov stille ind i uge 16 &#8211; 2026. Af Niels Torp En af dansk crickets absolut bedste spillere og n\u00e6stmest scorende, Johan Luther, sov stille ind i sidste uge p\u00e5 plejehjemmet, Bauneporten, Kongens Lyngby, omgivet af den n\u00e6rmeste <a href=\"https:\/\/forty.dk\/?page_id=2119\" class=\"read-more\">L\u00c6S MERE &#8230;<\/a><\/p>\n","protected":false},"author":1,"featured_media":0,"parent":0,"menu_order":0,"comment_status":"closed","ping_status":"closed","template":"","meta":{"footnotes":""},"class_list":["post-2119","page","type-page","status-publish","hentry"],"_links":{"self":[{"href":"https:\/\/forty.dk\/index.php?rest_route=\/wp\/v2\/pages\/2119","targetHints":{"allow":["GET"]}}],"collection":[{"href":"https:\/\/forty.dk\/index.php?rest_route=\/wp\/v2\/pages"}],"about":[{"href":"https:\/\/forty.dk\/index.php?rest_route=\/wp\/v2\/types\/page"}],"author":[{"embeddable":true,"href":"https:\/\/forty.dk\/index.php?rest_route=\/wp\/v2\/users\/1"}],"replies":[{"embeddable":true,"href":"https:\/\/forty.dk\/index.php?rest_route=%2Fwp%2Fv2%2Fcomments&post=2119"}],"version-history":[{"count":6,"href":"https:\/\/forty.dk\/index.php?rest_route=\/wp\/v2\/pages\/2119\/revisions"}],"predecessor-version":[{"id":2142,"href":"https:\/\/forty.dk\/index.php?rest_route=\/wp\/v2\/pages\/2119\/revisions\/2142"}],"wp:attachment":[{"href":"https:\/\/forty.dk\/index.php?rest_route=%2Fwp%2Fv2%2Fmedia&parent=2119"}],"curies":[{"name":"wp","href":"https:\/\/api.w.org\/{rel}","templated":true}]}}