{"id":44,"date":"2023-01-24T08:54:48","date_gmt":"2023-01-24T08:54:48","guid":{"rendered":"https:\/\/forty.dk\/?page_id=44"},"modified":"2025-03-03T16:31:31","modified_gmt":"2025-03-03T16:31:31","slug":"medlemskab","status":"publish","type":"page","link":"https:\/\/forty.dk\/?page_id=44","title":{"rendered":"Medlemskab"},"content":{"rendered":"\n<h2 class=\"wp-block-heading\"><\/h2>\n\n\n\n<p>Alle personer over 40 \u00e5r kan blive medlem af <strong>FORTY<\/strong> Cricketklub. <\/p>\n\n\n\n<p>Hvis du ikke er helt s\u00e5 gammel og er blevet 35 \u00e5r og har sv\u00e6rt ved at vente til, du bliver 40, s\u00e5 skal du ikke holde dig tilbage, men ans\u00f8ge <a href=\"oh.msc@cbs.dk\"><strong><em>klubbens pr\u00e6sident<\/em><\/strong> <\/a>om optagelse. Det vil med 99,99 % sikkerhed give et hurtigt og positivt svar. <em>Foreign players can also become members.<\/em><\/p>\n\n\n<div class=\"wp-block-image\">\n<figure class=\"aligncenter size-full is-resized\"><img loading=\"lazy\" decoding=\"async\" width=\"300\" height=\"99\" src=\"http:\/\/forty.dk\/wp-content\/uploads\/2023\/01\/nye_medlemmer-300x212-1.jpg\" alt=\"\" class=\"wp-image-87\" style=\"width:411px;height:135px\"\/><\/figure>\n<\/div>\n\n\n<p>Det koster<strong>\u00a0500 kr<\/strong>. om \u00e5ret i kontingent.<\/p>\n\n\n\n<p>Du skal sende kontingentet til<\/p>\n\n\n\n<p>Dansk XL Cricket Club<br>v\/ Birgitte \u00d8stergaard<br>(kasserer i Forty)<\/p>\n\n\n\n<p>BANK:<br><strong>Reg. nr. 2440 Kontonr. 5980002642<\/strong><\/p>\n\n\n\n<p>Send pengene via NetBank eller g\u00e5 i banken og lad dem g\u00f8re det&nbsp;.<\/p>\n\n\n\n<p>Du skal desuden sende en mail til kassereren, som indeholder f\u00f8lgende oplysninger, s\u00e5 du kan blive registreret i Fortys medlemskartotek:<\/p>\n\n\n\n<p>Navn \u2014 Adresse \u2014 E-mail \u2014 Tlf \u2014 Alder<\/p>\n\n\n\n<h1 class=\"wp-block-heading\">&nbsp;<\/h1>\n","protected":false},"excerpt":{"rendered":"<p>Alle personer over 40 \u00e5r kan blive medlem af FORTY Cricketklub. Hvis du ikke er helt s\u00e5 gammel og er blevet 35 \u00e5r og har sv\u00e6rt ved at vente til, du bliver 40, s\u00e5 skal du ikke holde dig tilbage, <a href=\"https:\/\/forty.dk\/?page_id=44\" class=\"read-more\">L\u00c6S MERE &#8230;<\/a><\/p>\n","protected":false},"author":1,"featured_media":0,"parent":0,"menu_order":0,"comment_status":"closed","ping_status":"closed","template":"","meta":{"footnotes":""},"class_list":["post-44","page","type-page","status-publish","hentry"],"_links":{"self":[{"href":"https:\/\/forty.dk\/index.php?rest_route=\/wp\/v2\/pages\/44","targetHints":{"allow":["GET"]}}],"collection":[{"href":"https:\/\/forty.dk\/index.php?rest_route=\/wp\/v2\/pages"}],"about":[{"href":"https:\/\/forty.dk\/index.php?rest_route=\/wp\/v2\/types\/page"}],"author":[{"embeddable":true,"href":"https:\/\/forty.dk\/index.php?rest_route=\/wp\/v2\/users\/1"}],"replies":[{"embeddable":true,"href":"https:\/\/forty.dk\/index.php?rest_route=%2Fwp%2Fv2%2Fcomments&post=44"}],"version-history":[{"count":9,"href":"https:\/\/forty.dk\/index.php?rest_route=\/wp\/v2\/pages\/44\/revisions"}],"predecessor-version":[{"id":1596,"href":"https:\/\/forty.dk\/index.php?rest_route=\/wp\/v2\/pages\/44\/revisions\/1596"}],"wp:attachment":[{"href":"https:\/\/forty.dk\/index.php?rest_route=%2Fwp%2Fv2%2Fmedia&parent=44"}],"curies":[{"name":"wp","href":"https:\/\/api.w.org\/{rel}","templated":true}]}}